{"id":3467,"date":"2024-04-29T16:01:54","date_gmt":"2024-04-29T16:01:54","guid":{"rendered":"https:\/\/rb.sv\/index.php\/product\/reloj-inteligente-para-ninos-color-rosado\/"},"modified":"2024-07-15T17:35:27","modified_gmt":"2024-07-15T17:35:27","slug":"reloj-inteligente-para-ninos-color-rosado","status":"publish","type":"product","link":"https:\/\/rb.sv\/index.php\/product\/reloj-inteligente-para-ninos-color-rosado\/","title":{"rendered":"Reloj inteligente para ni\u00f1os color rosado"},"content":{"rendered":"<p>Especificaciones<\/p>\n<ul>\n<li>GPS<\/li>\n<li>Llamadas<\/li>\n<li>Mensajes<\/li>\n<li>Juego de matem\u00e1tica<\/li>\n<li>C\u00e1mara<\/li>\n<li>L\u00e1mpara<\/li>\n<\/ul>\n","protected":false},"excerpt":{"rendered":"<p>Especificaciones GPS Llamadas Mensajes Juego de matem\u00e1tica C\u00e1mara L\u00e1mpara<\/p>\n","protected":false},"featured_media":3663,"comment_status":"open","ping_status":"closed","template":"","meta":[],"product_brand":[],"product_cat":[215,211],"product_tag":[],"class_list":{"0":"post-3467","1":"product","2":"type-product","3":"status-publish","4":"has-post-thumbnail","6":"product_cat-SMARTWATCH","7":"product_cat-TECNOLOGIA","9":"first","10":"instock","11":"shipping-taxable","12":"purchasable","13":"product-type-simple"},"_links":{"self":[{"href":"https:\/\/rb.sv\/index.php\/wp-json\/wp\/v2\/product\/3467","targetHints":{"allow":["GET"]}}],"collection":[{"href":"https:\/\/rb.sv\/index.php\/wp-json\/wp\/v2\/product"}],"about":[{"href":"https:\/\/rb.sv\/index.php\/wp-json\/wp\/v2\/types\/product"}],"replies":[{"embeddable":true,"href":"https:\/\/rb.sv\/index.php\/wp-json\/wp\/v2\/comments?post=3467"}],"wp:featuredmedia":[{"embeddable":true,"href":"https:\/\/rb.sv\/index.php\/wp-json\/wp\/v2\/media\/3663"}],"wp:attachment":[{"href":"https:\/\/rb.sv\/index.php\/wp-json\/wp\/v2\/media?parent=3467"}],"wp:term":[{"taxonomy":"product_brand","embeddable":true,"href":"https:\/\/rb.sv\/index.php\/wp-json\/wp\/v2\/product_brand?post=3467"},{"taxonomy":"product_cat","embeddable":true,"href":"https:\/\/rb.sv\/index.php\/wp-json\/wp\/v2\/product_cat?post=3467"},{"taxonomy":"product_tag","embeddable":true,"href":"https:\/\/rb.sv\/index.php\/wp-json\/wp\/v2\/product_tag?post=3467"}],"curies":[{"name":"wp","href":"https:\/\/api.w.org\/{rel}","templated":true}]}}