{"id":2801,"date":"2023-08-18T14:59:18","date_gmt":"2023-08-18T14:59:18","guid":{"rendered":"https:\/\/rb.sv\/index.php\/product\/fire-tv-stick-lite\/"},"modified":"2024-04-29T16:34:04","modified_gmt":"2024-04-29T16:34:04","slug":"fire-tv-stick-lite","status":"publish","type":"product","link":"https:\/\/rb.sv\/index.php\/product\/fire-tv-stick-lite\/","title":{"rendered":"FIRE TV STICK lite"},"content":{"rendered":"<ul class=\"a-unordered-list a-vertical a-spacing-mini\">\n<li class=\"a-spacing-mini\"><span class=\"a-list-item\">Disfruta como en el cine: im\u00e1genes vibrantes en calidad 4K Ultra HD, compatible con Dolby Vision, HDR y HDR10+.<\/span><\/li>\n<li class=\"a-spacing-mini\"><span class=\"a-list-item\">Audio de cine en casa con Dolby Atmos: siente c\u00f3mo las escenas cobran vida con la compatibilidad de audio inmersivo de Dolby Atmos en ciertos t\u00edtulos con sistemas de audio para casa compatibles.<\/span><\/li>\n<li class=\"a-spacing-mini\"><span class=\"a-list-item\">Entretenimiento sin fin: ve por streaming m\u00e1s de un mill\u00f3n de pel\u00edculas y episodios de series. Podr\u00e1s ver tu contenido favorito en Netflix, Prime Video, Disney+, Peacock y m\u00e1s, adem\u00e1s de escuchar millones de canciones. Es posible que se apliquen cargos por suscripci\u00f3n.<\/span><\/li>\n<li class=\"a-spacing-mini\"><span class=\"a-list-item\">Programas de televisi\u00f3n en vivo y gratuitos: ve la programaci\u00f3n de televisi\u00f3n, noticias y deportes en vivo con suscripciones a SLING TV, YouTube TV, entre otras. Reproduce contenido por streaming gratis con Pluto TV, Freevee, YouTube y m\u00e1s.<\/span><\/li>\n<li class=\"a-spacing-mini\"><span class=\"a-list-item\">Control remoto por voz Alexa: busca y accede a contenido con la voz. Encuentra tus apps favoritas r\u00e1pidamente con los botones predeterminados. Controla el encendido\/apagado y el volumen con un control remoto.<\/span><\/li>\n<li class=\"a-spacing-mini\"><span class=\"a-list-item\">Controla tu Smart Home: p\u00eddele a Alexa que consulte el estado del tiempo, que aten\u00fae las luces, que muestre el video en vivo de la c\u00e1mara, que ponga m\u00fasica en streaming y m\u00e1s.<\/span><\/li>\n<li class=\"a-spacing-mini\"><span class=\"a-list-item\">Simple e intuitivo: accede r\u00e1pidamente a tu contenido favorito de apps, TV en vivo y todas las opciones que usas con frecuencia desde el men\u00fa principal.<\/span><\/li>\n<li class=\"a-spacing-mini\"><span class=\"a-list-item\">F\u00e1cil de configurar y discreto: con\u00e9ctalo a la parte trasera de la televisi\u00f3n, enciende la televisi\u00f3n y con\u00e9ctate a Internet para configurarlo.<\/span><\/li>\n<\/ul>\n","protected":false},"excerpt":{"rendered":"<p>Disfruta como en el cine: im\u00e1genes vibrantes en calidad 4K Ultra HD, compatible con Dolby Vision, HDR y HDR10+. Audio de cine en casa con Dolby Atmos: siente c\u00f3mo las [&hellip;]<\/p>\n","protected":false},"featured_media":2804,"comment_status":"open","ping_status":"closed","template":"","meta":[],"product_brand":[],"product_cat":[212],"product_tag":[],"class_list":{"0":"post-2801","1":"product","2":"type-product","3":"status-publish","4":"has-post-thumbnail","6":"product_cat-TACCESORIOS","8":"first","9":"outofstock","10":"shipping-taxable","11":"purchasable","12":"product-type-simple"},"_links":{"self":[{"href":"https:\/\/rb.sv\/index.php\/wp-json\/wp\/v2\/product\/2801","targetHints":{"allow":["GET"]}}],"collection":[{"href":"https:\/\/rb.sv\/index.php\/wp-json\/wp\/v2\/product"}],"about":[{"href":"https:\/\/rb.sv\/index.php\/wp-json\/wp\/v2\/types\/product"}],"replies":[{"embeddable":true,"href":"https:\/\/rb.sv\/index.php\/wp-json\/wp\/v2\/comments?post=2801"}],"wp:featuredmedia":[{"embeddable":true,"href":"https:\/\/rb.sv\/index.php\/wp-json\/wp\/v2\/media\/2804"}],"wp:attachment":[{"href":"https:\/\/rb.sv\/index.php\/wp-json\/wp\/v2\/media?parent=2801"}],"wp:term":[{"taxonomy":"product_brand","embeddable":true,"href":"https:\/\/rb.sv\/index.php\/wp-json\/wp\/v2\/product_brand?post=2801"},{"taxonomy":"product_cat","embeddable":true,"href":"https:\/\/rb.sv\/index.php\/wp-json\/wp\/v2\/product_cat?post=2801"},{"taxonomy":"product_tag","embeddable":true,"href":"https:\/\/rb.sv\/index.php\/wp-json\/wp\/v2\/product_tag?post=2801"}],"curies":[{"name":"wp","href":"https:\/\/api.w.org\/{rel}","templated":true}]}}