{"id":2426,"date":"2023-02-09T09:51:03","date_gmt":"2023-02-09T09:51:03","guid":{"rendered":"https:\/\/rb.sv\/index.php\/product\/go-air-true-wireless-earbuds\/"},"modified":"2024-04-29T16:34:04","modified_gmt":"2024-04-29T16:34:04","slug":"go-air-true-wireless-earbuds","status":"publish","type":"product","link":"https:\/\/rb.sv\/index.php\/product\/go-air-true-wireless-earbuds\/","title":{"rendered":"GO Air True Wireless Earbuds"},"content":{"rendered":"<p>Especificaciones<\/p>\n<ul>\n<li>\n<div id=\"featurebullets_feature_div\" class=\"celwidget\" data-feature-name=\"featurebullets\" data-csa-c-type=\"widget\" data-csa-c-content-id=\"featurebullets\" data-csa-c-slot-id=\"featurebullets_feature_div\" data-csa-c-asin=\"B0866C659Q\" data-csa-c-is-in-initial-active-row=\"false\" data-csa-c-id=\"qwdkdz-qtmcfl-fqrhxr-s6c2nw\" data-cel-widget=\"featurebullets_feature_div\">\n<div id=\"feature-bullets\" class=\"a-section a-spacing-medium a-spacing-top-small\">\n<ul class=\"a-unordered-list a-vertical a-spacing-mini\">\n<li><span class=\"a-list-item\">Bater\u00eda de larga duraci\u00f3n: cuenta con m\u00e1s de 5 horas de reproducci\u00f3n en cada auricular y m\u00e1s de 15 horas adicionales desde la funda de carga. Eso es m\u00e1s de 20 horas de reproducci\u00f3n. Recarga sin complicaciones con la funda de carga y el cable de carga integrado.<\/span><\/li>\n<li><span class=\"a-list-item\">Conexi\u00f3n dual: Utiliza los auriculares de forma independiente o utiliza ambos y experimenta una conexi\u00f3n sin problemas sin importar la situaci\u00f3n. Ambos auriculares se conectan autom\u00e1ticamente a tu dispositivo, por lo que no tendr\u00e1s que preocuparte por cambiar o perder una conexi\u00f3n. Un micr\u00f3fono MEMS integrado en cada auricular garantiza llamadas claras.<\/span><\/li>\n<li><span class=\"a-list-item\">Dise\u00f1o m\u00e1s peque\u00f1o. La funda para bolsillo cuenta con un cable de carga integrado para llevarla donde quieras.<\/span><\/li>\n<li><span class=\"a-list-item\">Sonido EQ3 personalizado<\/span><\/li>\n<li><span class=\"a-list-item\">Incluye: Auriculares GO Air, funda de carga con cable de carga integrado, 3 juegos de puntas de gel.\u00a0<\/span><\/li>\n<\/ul>\n<\/div>\n<\/div>\n<div id=\"provenanceCertifications_feature_div\" class=\"celwidget\" data-feature-name=\"provenanceCertifications\" data-csa-c-type=\"widget\" data-csa-c-content-id=\"provenanceCertifications\" data-csa-c-slot-id=\"provenanceCertifications_feature_div\" data-csa-c-asin=\"B0866C659Q\" data-csa-c-is-in-initial-active-row=\"false\" data-csa-c-id=\"u8dvfp-q1t9k8-rdntcq-yyb62k\" data-cel-widget=\"provenanceCertifications_feature_div\">\n<div id=\"provenance-certifications\" class=\"a-section a-spacing-medium a-spacing-top-micro\"><\/div>\n<\/div>\n<\/li>\n<\/ul>\n","protected":false},"excerpt":{"rendered":"<p>Especificaciones Bater\u00eda de larga duraci\u00f3n: cuenta con m\u00e1s de 5 horas de reproducci\u00f3n en cada auricular y m\u00e1s de 15 horas adicionales desde la funda de carga. Eso es m\u00e1s [&hellip;]<\/p>\n","protected":false},"featured_media":2435,"comment_status":"open","ping_status":"closed","template":"","meta":[],"product_brand":[],"product_cat":[213],"product_tag":[],"class_list":{"0":"post-2426","1":"product","2":"type-product","3":"status-publish","4":"has-post-thumbnail","6":"product_cat-audifonos","8":"first","9":"instock","10":"sale","11":"shipping-taxable","12":"purchasable","13":"product-type-variable"},"_links":{"self":[{"href":"https:\/\/rb.sv\/index.php\/wp-json\/wp\/v2\/product\/2426","targetHints":{"allow":["GET"]}}],"collection":[{"href":"https:\/\/rb.sv\/index.php\/wp-json\/wp\/v2\/product"}],"about":[{"href":"https:\/\/rb.sv\/index.php\/wp-json\/wp\/v2\/types\/product"}],"replies":[{"embeddable":true,"href":"https:\/\/rb.sv\/index.php\/wp-json\/wp\/v2\/comments?post=2426"}],"wp:featuredmedia":[{"embeddable":true,"href":"https:\/\/rb.sv\/index.php\/wp-json\/wp\/v2\/media\/2435"}],"wp:attachment":[{"href":"https:\/\/rb.sv\/index.php\/wp-json\/wp\/v2\/media?parent=2426"}],"wp:term":[{"taxonomy":"product_brand","embeddable":true,"href":"https:\/\/rb.sv\/index.php\/wp-json\/wp\/v2\/product_brand?post=2426"},{"taxonomy":"product_cat","embeddable":true,"href":"https:\/\/rb.sv\/index.php\/wp-json\/wp\/v2\/product_cat?post=2426"},{"taxonomy":"product_tag","embeddable":true,"href":"https:\/\/rb.sv\/index.php\/wp-json\/wp\/v2\/product_tag?post=2426"}],"curies":[{"name":"wp","href":"https:\/\/api.w.org\/{rel}","templated":true}]}}