{"id":2111,"date":"2022-11-18T09:47:37","date_gmt":"2022-11-18T09:47:37","guid":{"rendered":"https:\/\/rb.sv\/index.php\/product\/charm-nino-con-corazon\/"},"modified":"2024-04-29T16:34:04","modified_gmt":"2024-04-29T16:34:04","slug":"charm-nino-con-corazon","status":"publish","type":"product","link":"https:\/\/rb.sv\/index.php\/product\/charm-nino-con-corazon\/","title":{"rendered":"Charm ni\u00f1o con coraz\u00f3n"},"content":{"rendered":"<p>Charm de ni\u00f1o con coraz\u00f3n rosa en las manos.<\/p>\n<p>Es perfecto para regalo de una fecha especial, a la persona a la que quieres (Madre, novia, amiga, esposa) decirle que la amas y que lo lleve como un recuerdo en su pulsera Pandora.<\/p>\n","protected":false},"excerpt":{"rendered":"<p>Charm de ni\u00f1o con coraz\u00f3n rosa en las manos. Es perfecto para regalo de una fecha especial, a la persona a la que quieres (Madre, novia, amiga, esposa) decirle que [&hellip;]<\/p>\n","protected":false},"featured_media":603,"comment_status":"open","ping_status":"closed","template":"","meta":[],"product_brand":[],"product_cat":[207],"product_tag":[],"class_list":{"0":"post-2111","1":"product","2":"type-product","3":"status-publish","4":"has-post-thumbnail","6":"product_cat-CHARMS","8":"first","9":"instock","10":"sale","11":"shipping-taxable","12":"purchasable","13":"product-type-simple"},"_links":{"self":[{"href":"https:\/\/rb.sv\/index.php\/wp-json\/wp\/v2\/product\/2111","targetHints":{"allow":["GET"]}}],"collection":[{"href":"https:\/\/rb.sv\/index.php\/wp-json\/wp\/v2\/product"}],"about":[{"href":"https:\/\/rb.sv\/index.php\/wp-json\/wp\/v2\/types\/product"}],"replies":[{"embeddable":true,"href":"https:\/\/rb.sv\/index.php\/wp-json\/wp\/v2\/comments?post=2111"}],"wp:featuredmedia":[{"embeddable":true,"href":"https:\/\/rb.sv\/index.php\/wp-json\/wp\/v2\/media\/603"}],"wp:attachment":[{"href":"https:\/\/rb.sv\/index.php\/wp-json\/wp\/v2\/media?parent=2111"}],"wp:term":[{"taxonomy":"product_brand","embeddable":true,"href":"https:\/\/rb.sv\/index.php\/wp-json\/wp\/v2\/product_brand?post=2111"},{"taxonomy":"product_cat","embeddable":true,"href":"https:\/\/rb.sv\/index.php\/wp-json\/wp\/v2\/product_cat?post=2111"},{"taxonomy":"product_tag","embeddable":true,"href":"https:\/\/rb.sv\/index.php\/wp-json\/wp\/v2\/product_tag?post=2111"}],"curies":[{"name":"wp","href":"https:\/\/api.w.org\/{rel}","templated":true}]}}