{"id":3380,"date":"2024-02-01T19:08:22","date_gmt":"2024-02-01T19:08:22","guid":{"rendered":"https:\/\/rb.sv\/?page_id=3380"},"modified":"2024-02-01T19:08:25","modified_gmt":"2024-02-01T19:08:25","slug":"audifonos","status":"publish","type":"page","link":"https:\/\/rb.sv\/index.php\/audifonos\/","title":{"rendered":"Aud\u00edfonos"},"content":{"rendered":"<div data-block-name=\"woocommerce\/product-category\" data-categories=\"[213]\" class=\"wc-block-grid wp-block-product-category wp-block-woocommerce-product-category wc-block-product-category has-3-columns has-multiple-rows\"><ul class=\"wc-block-grid__products\"><li class=\"wc-block-grid__product product-grid \">\n\t\t\t\t<div class=\"loop-image-wrap botiga-add-to-cart-button-layout3\">\n\t\t\t\t\t<a href=\"https:\/\/rb.sv\/index.php\/product\/audifonos-inalambrico-de-pokemon\/\" class=\"wc-block-grid__product-link\">\n\t\t\t\t\t\t<div class=\"wc-block-grid__product-image\"><img loading=\"lazy\" decoding=\"async\" width=\"420\" height=\"420\" src=\"https:\/\/rb.sv\/wp-content\/uploads\/2024\/04\/17-420x420.png\" class=\"attachment-woocommerce_thumbnail size-woocommerce_thumbnail\" alt=\"Aud\u00edfonos Inal\u00e1mbrico de Pok\u00e9mon\" srcset=\"https:\/\/rb.sv\/wp-content\/uploads\/2024\/04\/17-420x420.png 420w, https:\/\/rb.sv\/wp-content\/uploads\/2024\/04\/17-300x300.png 300w, https:\/\/rb.sv\/wp-content\/uploads\/2024\/04\/17-1024x1024.png 1024w, https:\/\/rb.sv\/wp-content\/uploads\/2024\/04\/17-150x150.png 150w, https:\/\/rb.sv\/wp-content\/uploads\/2024\/04\/17-768x768.png 768w, https:\/\/rb.sv\/wp-content\/uploads\/2024\/04\/17-920x920.png 920w, https:\/\/rb.sv\/wp-content\/uploads\/2024\/04\/17-575x575.png 575w, https:\/\/rb.sv\/wp-content\/uploads\/2024\/04\/17-380x380.png 380w, https:\/\/rb.sv\/wp-content\/uploads\/2024\/04\/17-800x800.png 800w, https:\/\/rb.sv\/wp-content\/uploads\/2024\/04\/17-100x100.png 100w, https:\/\/rb.sv\/wp-content\/uploads\/2024\/04\/17-50x50.png 50w, https:\/\/rb.sv\/wp-content\/uploads\/2024\/04\/17.png 1080w\" sizes=\"auto, (max-width: 420px) 100vw, 420px\" \/><\/div>\n\t\t\t\t\t<\/a><a href=\"https:\/\/rb.sv\/index.php\/product\/audifonos-inalambrico-de-pokemon\/\" aria-label=\"Elige las opciones para &ldquo;Aud\u00edfonos Inal\u00e1mbrico de Pok\u00e9mon&rdquo;\" data-quantity=\"1\" data-product_id=\"3606\" data-product_sku=\"7410889754360\" rel=\"nofollow\" class=\"button wp-block-button__link add_to_cart_button\">Seleccionar opciones<\/a><\/div><a href=\"https:\/\/rb.sv\/index.php\/product\/audifonos-inalambrico-de-pokemon\/\" class=\"wc-block-grid__product-link\">\n\t\t\t\t\t<div class=\"wc-block-grid__product-title\">Aud\u00edfonos Inal\u00e1mbrico de Pok\u00e9mon<\/div>\n\t\t\t\t<\/a><div class=\"wc-block-grid__product-price price\"><span class=\"woocommerce-Price-amount amount\"><span class=\"woocommerce-Price-currencySymbol\">&#036;<\/span>25.00<\/span><\/div><\/li><li class=\"wc-block-grid__product product-grid \">\n\t\t\t\t<div class=\"loop-image-wrap botiga-add-to-cart-button-layout3\">\n\t\t\t\t\t<a href=\"https:\/\/rb.sv\/index.php\/product\/audifonos-inalambricos-de-mario-bross\/\" class=\"wc-block-grid__product-link\">\n\t\t\t\t\t\t<div class=\"wc-block-grid__product-image\"><img loading=\"lazy\" decoding=\"async\" width=\"420\" height=\"420\" src=\"https:\/\/rb.sv\/wp-content\/uploads\/2024\/04\/18-420x420.png\" class=\"attachment-woocommerce_thumbnail size-woocommerce_thumbnail\" alt=\"Aud\u00edfonos inal\u00e1mbricos de Mario Bross\" srcset=\"https:\/\/rb.sv\/wp-content\/uploads\/2024\/04\/18-420x420.png 420w, https:\/\/rb.sv\/wp-content\/uploads\/2024\/04\/18-300x300.png 300w, https:\/\/rb.sv\/wp-content\/uploads\/2024\/04\/18-1024x1024.png 1024w, https:\/\/rb.sv\/wp-content\/uploads\/2024\/04\/18-150x150.png 150w, https:\/\/rb.sv\/wp-content\/uploads\/2024\/04\/18-768x768.png 768w, https:\/\/rb.sv\/wp-content\/uploads\/2024\/04\/18-920x920.png 920w, https:\/\/rb.sv\/wp-content\/uploads\/2024\/04\/18-575x575.png 575w, https:\/\/rb.sv\/wp-content\/uploads\/2024\/04\/18-380x380.png 380w, https:\/\/rb.sv\/wp-content\/uploads\/2024\/04\/18-800x800.png 800w, https:\/\/rb.sv\/wp-content\/uploads\/2024\/04\/18-100x100.png 100w, https:\/\/rb.sv\/wp-content\/uploads\/2024\/04\/18-50x50.png 50w, https:\/\/rb.sv\/wp-content\/uploads\/2024\/04\/18.png 1080w\" sizes=\"auto, (max-width: 420px) 100vw, 420px\" \/><\/div>\n\t\t\t\t\t<\/a><a href=\"\/index.php\/wp-json\/wp\/v2\/pages\/3380?add-to-cart=3605\" aria-label=\"Add to cart: &ldquo;Aud\u00edfonos inal\u00e1mbricos de Mario Bross&rdquo;\" data-quantity=\"1\" data-product_id=\"3605\" data-product_sku=\"7416133532982\" rel=\"nofollow\" class=\"button wp-block-button__link add_to_cart_button ajax_add_to_cart\">A\u00f1adir al carrito<\/a><\/div><a href=\"https:\/\/rb.sv\/index.php\/product\/audifonos-inalambricos-de-mario-bross\/\" class=\"wc-block-grid__product-link\">\n\t\t\t\t\t<div class=\"wc-block-grid__product-title\">Aud\u00edfonos inal\u00e1mbricos de Mario Bross<\/div>\n\t\t\t\t<\/a><div class=\"wc-block-grid__product-price price\"><span class=\"woocommerce-Price-amount amount\"><span class=\"woocommerce-Price-currencySymbol\">&#036;<\/span>25.00<\/span><\/div><\/li><li class=\"wc-block-grid__product product-grid \">\n\t\t\t\t<div class=\"loop-image-wrap botiga-add-to-cart-button-layout3\">\n\t\t\t\t\t<a href=\"https:\/\/rb.sv\/index.php\/product\/go-air-true-wireless-earbuds\/\" class=\"wc-block-grid__product-link\">\n\t\t\t\t\t\t<div class=\"wc-block-grid__product-image\"><img loading=\"lazy\" decoding=\"async\" width=\"420\" height=\"420\" src=\"https:\/\/rb.sv\/wp-content\/uploads\/2023\/02\/Go_Air_Black3-420x420.webp\" class=\"attachment-woocommerce_thumbnail size-woocommerce_thumbnail\" alt=\"GO Air True Wireless Earbuds \" srcset=\"https:\/\/rb.sv\/wp-content\/uploads\/2023\/02\/Go_Air_Black3-420x420.webp 420w, https:\/\/rb.sv\/wp-content\/uploads\/2023\/02\/Go_Air_Black3-300x300.webp 300w, https:\/\/rb.sv\/wp-content\/uploads\/2023\/02\/Go_Air_Black3-150x150.webp 150w, https:\/\/rb.sv\/wp-content\/uploads\/2023\/02\/Go_Air_Black3-768x768.webp 768w, https:\/\/rb.sv\/wp-content\/uploads\/2023\/02\/Go_Air_Black3-920x920.webp 920w, https:\/\/rb.sv\/wp-content\/uploads\/2023\/02\/Go_Air_Black3-575x575.webp 575w, https:\/\/rb.sv\/wp-content\/uploads\/2023\/02\/Go_Air_Black3-380x380.webp 380w, https:\/\/rb.sv\/wp-content\/uploads\/2023\/02\/Go_Air_Black3-800x800.webp 800w, https:\/\/rb.sv\/wp-content\/uploads\/2023\/02\/Go_Air_Black3-100x100.webp 100w, https:\/\/rb.sv\/wp-content\/uploads\/2023\/02\/Go_Air_Black3-50x50.webp 50w, https:\/\/rb.sv\/wp-content\/uploads\/2023\/02\/Go_Air_Black3.webp 1000w\" sizes=\"auto, (max-width: 420px) 100vw, 420px\" \/><\/div>\n\t\t\t\t\t<\/a><span class=\"onsale\">Sale!<\/span><a href=\"https:\/\/rb.sv\/index.php\/product\/go-air-true-wireless-earbuds\/\" aria-label=\"Elige las opciones para &ldquo;GO Air True Wireless Earbuds &rdquo;\" data-quantity=\"1\" data-product_id=\"2426\" data-product_sku=\"7411030066813\" rel=\"nofollow\" class=\"button wp-block-button__link add_to_cart_button\">Seleccionar opciones<\/a><\/div><a href=\"https:\/\/rb.sv\/index.php\/product\/go-air-true-wireless-earbuds\/\" class=\"wc-block-grid__product-link\">\n\t\t\t\t\t<div class=\"wc-block-grid__product-title\">GO Air True Wireless Earbuds <\/div>\n\t\t\t\t<\/a><div class=\"wc-block-grid__product-price price\"><del aria-hidden=\"true\"><span class=\"woocommerce-Price-amount amount\"><span class=\"woocommerce-Price-currencySymbol\">&#036;<\/span>35.00<\/span><\/del> <span class=\"screen-reader-text\">Original price was: &#036;35.00.<\/span><ins aria-hidden=\"true\"><span class=\"woocommerce-Price-amount amount\"><span class=\"woocommerce-Price-currencySymbol\">&#036;<\/span>30.99<\/span><\/ins><span class=\"screen-reader-text\">Current price is: &#036;30.99.<\/span><\/div><\/li><li class=\"wc-block-grid__product product-grid \">\n\t\t\t\t<div class=\"loop-image-wrap botiga-add-to-cart-button-layout3\">\n\t\t\t\t\t<a href=\"https:\/\/rb.sv\/index.php\/product\/audifonos-lenovo-lp40-pro-111070100\/\" class=\"wc-block-grid__product-link\">\n\t\t\t\t\t\t<div class=\"wc-block-grid__product-image\"><img loading=\"lazy\" decoding=\"async\" width=\"420\" height=\"420\" src=\"https:\/\/rb.sv\/wp-content\/uploads\/2022\/09\/WhatsApp-Image-2022-09-22-at-8.43.43-AM-420x420.jpeg\" class=\"attachment-woocommerce_thumbnail size-woocommerce_thumbnail\" alt=\"AUDIFONOS LENOVO LP40 PRO  111070100\" srcset=\"https:\/\/rb.sv\/wp-content\/uploads\/2022\/09\/WhatsApp-Image-2022-09-22-at-8.43.43-AM-420x420.jpeg 420w, https:\/\/rb.sv\/wp-content\/uploads\/2022\/09\/WhatsApp-Image-2022-09-22-at-8.43.43-AM-300x300.jpeg 300w, https:\/\/rb.sv\/wp-content\/uploads\/2022\/09\/WhatsApp-Image-2022-09-22-at-8.43.43-AM-150x150.jpeg 150w, https:\/\/rb.sv\/wp-content\/uploads\/2022\/09\/WhatsApp-Image-2022-09-22-at-8.43.43-AM-768x768.jpeg 768w, https:\/\/rb.sv\/wp-content\/uploads\/2022\/09\/WhatsApp-Image-2022-09-22-at-8.43.43-AM-575x575.jpeg 575w, https:\/\/rb.sv\/wp-content\/uploads\/2022\/09\/WhatsApp-Image-2022-09-22-at-8.43.43-AM-380x380.jpeg 380w, https:\/\/rb.sv\/wp-content\/uploads\/2022\/09\/WhatsApp-Image-2022-09-22-at-8.43.43-AM-100x100.jpeg 100w, https:\/\/rb.sv\/wp-content\/uploads\/2022\/09\/WhatsApp-Image-2022-09-22-at-8.43.43-AM.jpeg 800w\" sizes=\"auto, (max-width: 420px) 100vw, 420px\" \/><\/div>\n\t\t\t\t\t<\/a><span class=\"onsale\">Sale!<\/span><a href=\"https:\/\/rb.sv\/index.php\/product\/audifonos-lenovo-lp40-pro-111070100\/\" aria-label=\"Elige las opciones para &ldquo;AUDIFONOS LENOVO LP40 PRO  111070100&rdquo;\" data-quantity=\"1\" data-product_id=\"2338\" data-product_sku=\"111070100\" rel=\"nofollow\" class=\"button wp-block-button__link add_to_cart_button\">Seleccionar opciones<\/a><\/div><a href=\"https:\/\/rb.sv\/index.php\/product\/audifonos-lenovo-lp40-pro-111070100\/\" class=\"wc-block-grid__product-link\">\n\t\t\t\t\t<div class=\"wc-block-grid__product-title\">AUDIFONOS LENOVO LP40 PRO  111070100<\/div>\n\t\t\t\t<\/a><div class=\"wc-block-grid__product-price price\"><del aria-hidden=\"true\"><span class=\"woocommerce-Price-amount amount\"><span class=\"woocommerce-Price-currencySymbol\">&#036;<\/span>28.00<\/span><\/del> <span class=\"screen-reader-text\">Original price was: &#036;28.00.<\/span><ins aria-hidden=\"true\"><span class=\"woocommerce-Price-amount amount\"><span class=\"woocommerce-Price-currencySymbol\">&#036;<\/span>25.00<\/span><\/ins><span class=\"screen-reader-text\">Current price is: &#036;25.00.<\/span><\/div><\/li><\/ul><\/div>","protected":false},"excerpt":{"rendered":"","protected":false},"author":2,"featured_media":0,"parent":0,"menu_order":0,"comment_status":"closed","ping_status":"closed","template":"","meta":{"footnotes":""},"class_list":["post-3380","page","type-page","status-publish","hentry"],"_links":{"self":[{"href":"https:\/\/rb.sv\/index.php\/wp-json\/wp\/v2\/pages\/3380","targetHints":{"allow":["GET"]}}],"collection":[{"href":"https:\/\/rb.sv\/index.php\/wp-json\/wp\/v2\/pages"}],"about":[{"href":"https:\/\/rb.sv\/index.php\/wp-json\/wp\/v2\/types\/page"}],"author":[{"embeddable":true,"href":"https:\/\/rb.sv\/index.php\/wp-json\/wp\/v2\/users\/2"}],"replies":[{"embeddable":true,"href":"https:\/\/rb.sv\/index.php\/wp-json\/wp\/v2\/comments?post=3380"}],"version-history":[{"count":1,"href":"https:\/\/rb.sv\/index.php\/wp-json\/wp\/v2\/pages\/3380\/revisions"}],"predecessor-version":[{"id":3381,"href":"https:\/\/rb.sv\/index.php\/wp-json\/wp\/v2\/pages\/3380\/revisions\/3381"}],"wp:attachment":[{"href":"https:\/\/rb.sv\/index.php\/wp-json\/wp\/v2\/media?parent=3380"}],"curies":[{"name":"wp","href":"https:\/\/api.w.org\/{rel}","templated":true}]}}